e number?
True
Is 29681 a prime number?
False
Is 15653 a composite number?
True
Is 5137 a composite number?
True
Is 61033 prime?
False
Is 518291 composite?
False
Is 2654669 a composite number?
True
Is 9239 a prime number?
True
Is 3205 composite?
True
Is 1239365 a composite number?
True
Is 151115 a prime number?
False
Is 19547 prime?
False
Is 2832257 composite?
False
Is 180685 composite?
True
Is 133291 a composite number?
True
Is 652871 prime?
True
Is 1577 composite?
True
Is 809555 a prime number?
False
Is 1762291 prime?
False
Is 40091 prime?
False
Is 39407 a composite number?
True
Is 22109 prime?
True
Is 12151 a composite number?
True
Is 5069 a prime number?
False
Is 6629 composite?
True
Is 203529 a composite number?
True
Is 70537 a prime number?
True
Is 19103 a composite number?
True
Is 90583 a prime number?
True
Is 74411 a prime number?
True
Is 12889 prime?
True
Is 2595979 composite?
False
Is 283913 composite?
True
Is 239669 prime?
False
Is 352721 a prime number?
False
Is 9701 prime?
False
Is 4751 a composite number?
False
Is 1249 a prime number?
True
Is 17677 a prime number?
False
Is 237467 a composite number?
False
Is 120067 composite?
False
Is 7899 a prime number?
False
Is 10198 prime?
False
Is 13453 a prime number?
False
Is 162209 composite?
False
Is 62549 prime?
True
Is 6313 a composite number?
True
Is 431 composite?
False
Is 7597 a composite number?
True
Is 63977 a prime number?
True
Is 3737 a prime number?
False
Is 76753 a prime number?
True
Is 2751358 a composite number?
True
Is 444845 a composite number?
True
Is 10037 prime?
True
Is 67171 composite?
True
Is 1016731 a prime number?
True
Is 12181 prime?
False
Is 109297 a composite number?
False
Is 668357 composite?
True
Is 323905 a composite number?
True
Is 3316321 composite?
False
Is 410279 composite?
False
Is 44789 a composite number?
False
Is 32603 a composite number?
False
Is 23531 composite?
False
Is 9127 a prime number?
True
Is 13751 a prime number?
True
Is 58991 composite?
False
Is 30823 prime?
False
Is 149509 composite?
True
Is 66007 a prime number?
False
Is 40243 a prime number?
False
Is 1480393 prime?
True
Is 419 a prime number?
True
Is 97 composite?
False
Is 1781 prime?
False
Is 50417 composite?
False
Is 350995 a prime number?
False
Is 103381 composite?
True
Is 8353 a prime number?
True
Is 116939 a prime number?
False
Is 156329 prime?
True
Is 26 a prime number?
False
Is 24943 a prime number?
True
Is 325271 prime?
True
Is 6779 a composite number?
False
Is 1979891 a prime number?
True
Is 87577 composite?
True
Is 8637 composite?
True
Is 227293 prime?
False
Is 26851 a prime number?
False
Is 211 a composite number?
False
Is 47373 a prime number?
False
Is 8311 a composite number?
False
Is 335507 composite?
False
Is 12403 a composite number?
True
Is 19601 prime?
False
Is 395 composite?
True
Is 17897 a composite number?
True
Is 120847 a prime number?
True
Is 2393 a prime number?
True
Is 14893 prime?
False
Is 36349 composite?
True
Is 823573 composite?
False
Is 1751 a composite number?
True
Is 14251 composite?
False
Is 2231 prime?
False
Is 693635 composite?
True
Is 1721 a composite number?
False
Is 20939 a composite number?
False
Is 3579 a prime number?
False
Is 117983 prime?
False
Is 1313903 prime?
False
Is 884573 a composite number?
False
Is 585571 a prime number?
False
Is 6383 prime?
False
Is 328487 composite?
True
Is 637237 a prime number?
False
Is 743 a composite number?
False
Is 46211 composite?
True
Is 126631 prime?
True
Is 1574599 a composite number?
True
Is 26221 composite?
True
Is 84923 composite?
True
Is 9355721 a composite number?
False
Is 1987 a prime number?
True
Is 34647 a composite number?
True
Is 85081 prime?
True
Is 4201 a prime number?
True
Is 2513483 prime?
False
Is 6661 a composite number?
False
Is 15659 composite?
True
Is 2192051 composite?
False
Is 3279 prime?
False
Is 1663783 a prime number?
False
Is 493529 prime?
False
Is 213119 a prime number?
True
Is 981537 composite?
True
Is 16547 composite?
False
Is 34921 prime?
False
Is 582289 prime?
False
Is 482234 a composite number?
True
Is 5773 prime?
False
Is 13579 composite?
True
Is 1543 a prime number?
True
Is 101521 prime?
False
Is 27631 composite?
False
Is 177253 a composite number?
True
Is 486635 composite?
True
Is 1119 a prime number?
False
Is 279311 composite?
False
Is 20789 prime?
True
Is 3551 composite?
True
Is 717797 a composite number?
False
Is 1791403 prime?
True
Is 2362 a composite number?
True
Is 1243 a prime number?
False
Is 8353 a composite number?
False
Is 135955 a prime number?
False
Is 170209 composite?
True
Is 89653 composite?
False
Is 3743 a prime number?
False
Is 19661 a composite number?
False
Is 211927 a prime number?
True
Is 51217 a composite number?
False
Is 591235 a composite number?
True
Is 18949 prime?
False
Is 568349 prime?
True
Is 7789 prime?
True
Is 30547 a prime number?
False
Is 54037 composite?
False
Is 3221 composite?
False
Is 9865 a prime number?
False
Is 14377 a prime number?
False
Is 55147 prime?
True
Is 11819 a prime number?
False
Is 175211 a prime number?
True
Is 124171 prime?
True
Is 8491 prime?
False
Is 265703 composite?
False
Is 9979 a prime number?
False
Is 61249 a composite number?
True
Is 1637 a prime number?
True
Is 69243 composite?
True
Is 11657 a composite number?
False
Is 200387 composite?
True
Is 8887 composite?
False
Is 104461 a composite number?
True
Is 178021 a prime number?
True
Is 701837 prime?
True
Is 349121 prime?
True
Is 3791 a composite number?
True
Is 2705 a prime number?
False
Is 328753 composite?
False
Is 2237 a composite number?
False
Is 794089 a prime number?
True
Is 1361 a composite number?
False
Is 849237 composite?
True
Is 7571 prime?
False
Is 412817 composite?
True
Is 631285 a composite number?
True
Is 5383 a composite number?
True
Is 58319 prime?
False
Is 67327 prime?
False
Is 1043 prime?
False
Is 68813 composite?
False
Is 33149 prime?
True
Is 61345 a composite number?
True
Is 189823 composite?
False
Is 471841 composite?
False
Is 176521 a composite number?
False
Is 16649 a prime number?
True
Is 7217419 prime?
False
Is 2973 a prime number?
False
Is 2491573 composite?
True
Is 189737 prime?
False
Is 12323 prime?
True
Is 1082141 composite?
False
Is 22613 composite?
False
Is 1125811 a prime number?
True
Is 43691 composite?
False
Is 27971 a composite number?
True
Is 137699 a composite number?
False
Is 4481 a prime number?
True
Is 32869 composite?
False
Is 1039 prime?
True
Is 297151 composite?
False
Is 284759 prime?
True
Is 5147 a prime number?
True
Is 152459 a prime number?
True
Is 1434077 a composite number?
False
Is 75833 composite?
False
Is 474581 composite?
False
Is 29594 a prime number?
False
Is 28157 a prime number?
False
Is 30071 a prime number?
True
Is 114293 a prime number?
False
Is 179147 a prime number?
False
Is 134891 a prime number?
False
Is 841919 a composite number?
True
Is 171131 composite?
False
Is 1443241 prime?
False
Is 53731 composite?
False
Is 319091 composite?
True
Is 116395 a prime number?
False
Is 841 composite?
True
Is 33457 a composite number?
False
Is 95581 composite?
False
Is 37678 a prime number?
False
Is 77711 a composite number?
False
Is 84277 a composite number?
True
Is 23113 composite?
True
Is 1109785 a prime number?
False
Is 60559 a prime number?
False
Is 701 prime?
True
Is 5545 prime?
False
Is 8921 prime?
False
Is 11567 prime?
False
Is 2767 composite?
False
Is 67171 a composite number?
True
Is 10499 a prime number?
True
Is 37279 a composite number?
True
Is 33343 a prime number?
True
Is 472793 a composite number?
False
Is 5381 a composite number?
False
Is 7639 prime?
True
Is 44753 a prime number?
True
Is 360589 composite?
False
Is 4861 prime?
True
Is 13173 a composite number?
True
Is 664673 prime?
False
Is 310547 prime?
True
Is 2178947 composite?
False
Is 9101 a composite number?
True
Is 18167 prime?
False
Is 50689 a prime number?
False
Is 10757 a composite number?
True
Is 45029 a prime number?
False
Is 2609 prime?
True
Is 2611 prime?
False
Is 1162129 prime?
True
Is 5911 prime?
False
Is 12286 a composite number?
True
Is 45161 prime?
True
Is 10133 prime?
True
Is 180413 a prime number?
True
Is 103549 prime?
True
Is 80285 a composite number?
True
Is 508789 prime?
True
Is 1366351 composite?
True
Is 52467 prime?
False
I